{"id":10,"date":"2019-01-23T11:11:48","date_gmt":"2019-01-23T11:11:48","guid":{"rendered":"http:\/\/wendlanddraisine.de\/?page_id=10"},"modified":"2023-09-25T09:53:36","modified_gmt":"2023-09-25T09:53:36","slug":"impressum","status":"publish","type":"page","link":"http:\/\/wendlanddraisine.de\/?page_id=10","title":{"rendered":"Impressum"},"content":{"rendered":"\n<p>F\u00f6rderverein \u201eOstheide-Elbe-Bahn\u201c e.V.<\/p>\n\n\n\n<p>Am Landgraben 15<br> D-29451 Dannenberg<\/p>\n\n\n\n<p>E-Mail: info@wendlanddraisine.de<\/p>\n\n\n\n<p><\/p>\n\n\n\n<p><\/p>\n\n\n\n<p>Urheberrecht<\/p>\n\n\n\n<p>Die durch die Seitenbetreiber erstellten Inhalte und Werke auf diesen Seiten\nunterliegen dem deutschen Urheberrecht. Die Vervielf\u00e4ltigung, Bearbeitung,\nVerbreitung und jede Art der Verwertung au\u00dferhalb der Grenzen des\nUrheberrechtes bed\u00fcrfen der schriftlichen Zustimmung des jeweiligen Autors bzw.\nErstellers. Downloads und Kopien dieser Seite sind nur f\u00fcr den privaten, nicht kommerziellen\nGebrauch gestattet. Soweit die Inhalte auf dieser Seite nicht vom Betreiber\nerstellt wurden, werden die Urheberrechte Dritter beachtet. Insbesondere werden\nInhalte Dritter als solche gekennzeichnet. Sollten Sie trotzdem auf eine\nUrheberrechtsverletzung aufmerksam werden, bitten wir &nbsp;um einen entsprechenden Hinweis. Bei\nBekanntwerden von Rechtsverletzungen werden wir derartige Inhalte umgehend\nentfernen.<\/p>\n\n\n\n<p>Datenschutz<\/p>\n\n\n\n<p>Die Nutzung dieser Webseite ist in der Regel ohne Angabe personenbezogener\nDaten m\u00f6glich. Soweit auf dieser Seite personenbezogene Daten (beispielsweise\nName, Anschrift oder eMail-Adressen) erhoben werden, erfolgt dies stets auf\nfreiwilliger Basis. Diese Daten werden ohne Ihre ausdr\u00fcckliche Zustimmung nicht\nan Dritte weitergegeben.<\/p>\n\n\n\n<p>Wir weisen darauf hin, dass die Daten\u00fcbertragung im Internet (z.B. bei der\nKommunikation per E-Mail) Sicherheitsl\u00fccken aufweisen kann. Ein l\u00fcckenloser\nSchutz der Daten vor dem Zugriff durch Dritte ist nicht m\u00f6glich.<\/p>\n\n\n\n<p>Der Nutzung von im Rahmen der Impressumspflicht ver\u00f6ffentlichten\nKontaktdaten durch Dritte zur \u00dcbersendung von nicht ausdr\u00fccklich angeforderter\nWerbung und Informationsmaterialien wird hiermit ausdr\u00fccklich widersprochen.\nDer Betreiber der Seite beh\u00e4lt sich ausdr\u00fccklich rechtliche Schritte im Falle\nder unverlangten Zusendung von Werbeinformationen, etwa durch Spam-Mails, vor.<\/p>\n","protected":false},"excerpt":{"rendered":"<p>F\u00f6rderverein \u201eOstheide-Elbe-Bahn\u201c e.V. Am Landgraben 15 D-29451 Dannenberg E-Mail: info@wendlanddraisine.de Urheberrecht Die durch die Seitenbetreiber erstellten Inhalte und Werke auf diesen Seiten unterliegen dem deutschen Urheberrecht. Die Vervielf\u00e4ltigung, Bearbeitung, Verbreitung und jede Art der Verwertung au\u00dferhalb der Grenzen des Urheberrechtes bed\u00fcrfen der schriftlichen Zustimmung des jeweiligen Autors bzw. Erstellers. Downloads und Kopien dieser Seite sind &hellip; <\/p>\n<p class=\"link-more\"><a href=\"http:\/\/wendlanddraisine.de\/?page_id=10\" class=\"more-link\"><span class=\"screen-reader-text\">\u201eImpressum\u201c <\/span>weiterlesen<\/a><\/p>\n","protected":false},"author":1,"featured_media":0,"parent":0,"menu_order":0,"comment_status":"closed","ping_status":"closed","template":"","meta":{"footnotes":""},"class_list":["post-10","page","type-page","status-publish","hentry"],"_links":{"self":[{"href":"http:\/\/wendlanddraisine.de\/index.php?rest_route=\/wp\/v2\/pages\/10","targetHints":{"allow":["GET"]}}],"collection":[{"href":"http:\/\/wendlanddraisine.de\/index.php?rest_route=\/wp\/v2\/pages"}],"about":[{"href":"http:\/\/wendlanddraisine.de\/index.php?rest_route=\/wp\/v2\/types\/page"}],"author":[{"embeddable":true,"href":"http:\/\/wendlanddraisine.de\/index.php?rest_route=\/wp\/v2\/users\/1"}],"replies":[{"embeddable":true,"href":"http:\/\/wendlanddraisine.de\/index.php?rest_route=%2Fwp%2Fv2%2Fcomments&post=10"}],"version-history":[{"count":6,"href":"http:\/\/wendlanddraisine.de\/index.php?rest_route=\/wp\/v2\/pages\/10\/revisions"}],"predecessor-version":[{"id":171,"href":"http:\/\/wendlanddraisine.de\/index.php?rest_route=\/wp\/v2\/pages\/10\/revisions\/171"}],"wp:attachment":[{"href":"http:\/\/wendlanddraisine.de\/index.php?rest_route=%2Fwp%2Fv2%2Fmedia&parent=10"}],"curies":[{"name":"wp","href":"https:\/\/api.w.org\/{rel}","templated":true}]}}